4*m**2 + 4*m + 157. What are the prime factors of y(-22)?
7, 1531
Suppose 3*f + 593 = 4490. Let b = f + -785. Suppose -3*r + 0*d - 4*d + 392 = 0, 4*r + d - b = 0. List the prime factors of r.
2
Let z(t) = 4*t**2 - t - 5. Let u be z(4). Suppose -l - u = -209. What are the prime factors of l?
2, 7, 11
Let i(j) = -31 + 36*j + 9 + 15. List the prime factors of i(23).
821
Let x(k) = -24558*k + 8507. What are the prime factors of x(-3)?
11, 31, 241
Let v(h) = -19*h**2 - 8*h + 28. Let c be v(4). Let x = 398 - c. List the prime factors of x.
2, 353
Let s(q) = 2*q - 8. Let c be s(6). Suppose 0 = 2*z + 4*m + 4, 0 = -3*z + 2*z - 4*m - 2. List the prime factors of ((2*z)/c)/(4/(-280)).
2, 5, 7
Let m(n) = 343*n**2 + 38*n + 146. What are the prime factors of m(-4)?
2, 2741
Let n = -8787 + 23870. What are the prime factors of n?
15083
Suppose -4*u + y + 44 = 0, 0 = 2*u + 6*y - 2*y - 40. Suppose -13*r + 2 = -u*r. Suppose -v - 4*l + 68 = 0, -r*v - 4*l = -68 - 68. List the prime factors of v.
2, 17
Let b(a) = 9*a + 1. Suppose 154 = -5*l + 3*t, 0*t + 4*t - 88 = 3*l. Let q = -23 - l. What are the prime factors of b(q)?
2, 41
Let g = 488 + -488. Suppose 3*p = 4*q - 2589, -q - 4*p + 2*p + 661 = g. List the prime factors of q.
3, 7, 31
Let i = 8529 + -3225. List the prime factors of i.
2, 3, 13, 17
Suppose -24 = -153*z + 161*z. What are the prime factors of z + 0/(-10) + (-1 - -1554)?
2, 5, 31
Let g(z) = -32*z + 24. Suppose -3*s = -12, 2*u - 4*s = 5*u - 1. Let w be g(u). Let t = w + -44. What are the prime factors of t?
2, 5, 7
Suppose 0 = x - 5, 2*x - 9 = -2*v + x. Let y be -24*(-1 - v - 76/8). Suppose 2*n = -2*s + 50 + y, 0 = -5*n + s + 905. List the prime factors of n.
2, 3, 5
Suppose 16*o + 130 = -622. Let l(s) = -26*s - 170. What are the prime factors of l(o)?
2, 263
Let h(i) = 2*i**2 - 2*i - 2. Let r be h(2). Suppose 3*w = -t + 74, -r*w + 175 = 3*t - 26. List the prime factors of (-853)/(-5) - (t/25 - 3).
3, 19
Let j(h) = 4*h**2 + 16*h - 89. Let c be j(13). Let w = -41 + c. List the prime factors of w.
2, 13, 29
Let o(x) = x**2 + x - 1. Let q be 1*(12/4 - 1). Let j be o(q). What are the prime factors of (3 - 3 - j/5)*-227?
227
Let r(l) = -17*l**2 - 32*l - 2. Let m be r(-4). Let j = 270 + m. What are the prime factors of j?
2, 31
What are the prime factors of ((-18)/27)/((-46)/4047402)?
2, 139, 211
Let h be 18/(-4)*(6 - 22/3). Suppose -3*f - h*f + 774 = 0. What are the prime factors of f?
2, 43
Suppose -116*p = 58*p - 1563390. List the prime factors of p.
3, 5, 599
Suppose -5*a + 22*z - 102 = 19*z, 2*a + 43 = -z. What are the prime factors of (2/(-2) + 137)/((-14)/a)?
2, 3, 17
Suppose 7*f - 31505 - 18678 = 0. List the prime factors of f.
67, 107
Let p = 3016 - 3013. Suppose 0 = -4*j - 5*m + 167, 0*j - 2*m + 86 = 2*j. Suppose 0 = p*n - j - 21. What are the prime factors of n?
23
Let m(a) = 2*a**2 + 2*a + 114. Let n(c) = 2*c + 170 - 55 - 23*c**2 + 24*c**2. Let b(h) = -3*m(h) + 4*n(h). List the prime factors of b(0).
2, 59
Let r = 48946 + -33761. List the prime factors of r.
5, 3037
Suppose 158*f + 52*f - 8463630 = 0. List the prime factors of f.
41, 983
Let k be (-6881)/14 - 1*15/(-10). Let q be 4/(-4)*-1*3. What are the prime factors of (k/15 + q)*-3?
89
Suppose 24*k - 13794 = 13*k. Suppose 1863 + k = 3*z. What are the prime factors of z?
1039
Suppose -5*n + s = 22, 3*n = 2*s + 6 - 22. Let i = n - -11. Suppose y + i = 70. List the prime factors of y.
3, 7
Let r be (-4)/((-4)/(-39))*272/(-12). Suppose -3*u + 694 = -r. What are the prime factors of u?
2, 263
List the prime factors of ((-25932)/(-5))/(429/715).
2, 2161
Let k(c) = -c**2 - 7*c + 17. Let t be k(-9). Let m(n) = -34*n + 11*n - 193*n + 3. List the prime factors of m(t).
3, 73
Suppose 7*g = 5*g - 2*a + 30, 3*g - 42 = -2*a. Suppose -3*v - 5*s + 1645 = 0, 8*v - g*v - s + 2182 = 0. List the prime factors of v.
5, 109
Let x(w) = -3*w**3 - w**2 + 7*w - 6. Let c be x(-6). Let l = 915 - c. List the prime factors of 6/(-15) - l/(-15).
23
Let c be 13482/35*1*-5. What are the prime factors of c/(-30) + (-1)/5?
2
Let j = -710 + 812. Let p(r) = 49*r - 2. Let t be p(4). Let z = t - j. List the prime factors of z.
2, 23
Let p(x) = 10*x + 13. Let b be p(-3). Let k = 47 - b. List the prime factors of k.
2
Let q(g) = g**2 + 33*g + 121. Let r be q(-29). Suppose 4*b = r*b - 93. What are the prime factors of b?
3, 31
Let g(x) be the third derivative of 292*x**5/15 + 3*x**4/4 + 8*x**3/3 - 130*x**2 + 2. What are the prime factors of g(-1)?
2, 11, 53
Let q(a) = -a**3 - 5*a**2 + 3. Let j be -3 + (-3 - (-2 + 1)). Let m be q(j). Suppose -m*w = -40 - 56. What are the prime factors of w?
2
Let z = -36 + 52. Suppose 12*h = z*h + 36. What are the prime factors of (24/h)/(3/(-99))?
2, 11
Let c = 2427 - 1081. Let j = -740 + c. List the prime factors of j.
2, 3, 101
Let i(d) = 4*d**2 - 18*d + 80. Let n(r) = 9*r**2 - 37*r + 161. Let b(o) = 5*i(o) - 2*n(o). What are the prime factors of b(14)?
2, 3, 41
Let a = -878 - -1467. Suppose a*q - 595*q = -714. What are the prime factors of q?
7, 17
Let f = 21222 + 2510. What are the prime factors of f?
2, 17, 349
Let j be 8/(-4 + 8) + 46. Let n = j - 43. Suppose -3*s - w + 102 + 73 = 0, n*s + 3*w - 289 = 0. List the prime factors of s.
59
Suppose -38*a - 40*a = -209508. List the prime factors of a.
2, 17, 79
Let s(f) = f**3 + 27*f**2 + 39*f + 64. Let k(y) = -y**3 + 5*y**2 - 25*y + 165. Let l be k(6). List the prime factors of s(l).
31, 61
Let s(q) = -q**2 + 5*q - 4. Let u be s(3). Let i(f) be the first derivative of 3*f**2 + 2*f - 25. What are the prime factors of i(u)?
2, 7
Let c = -224 + 696. List the prime factors of c/(-10)*(1485/18)/(-33).
2, 59
Let g = -14949 - -36225. List the prime factors of g.
2, 3, 197
Let d = 1757 - 1034. Let z = d + -404. List the prime factors of z.
11, 29
Let c(l) = l**2 + 25*l + 16. Let p be c(-8). What are the prime factors of ((-256)/p)/16 - 9926/(-30)?
331
Suppose -14*k + 11*k = -9. Suppose 5*n + 4*g + 30 = 0, g = -k*g. List the prime factors of (351/n)/9*-16.
2, 13
Let f = 42453 + -27348. List the prime factors of f.
3, 5, 19, 53
Let g(o) = -8*o - 78. Let q be g(-10). Suppose 5*u = -q*l + 3171, u + l - 576 - 60 = 0. List the prime factors of u.
3, 211
Let q = -37426 - -72888. List the prime factors of q.
2, 7, 17, 149
Let k(f) = 364*f + 175. Let z(g) = 61*g + 29. Let i(a) = -6*k(a) + 34*z(a). What are the prime factors of i(-4)?
2, 47
Let x = -39636 - -40042. List the prime factors of x.
2, 7, 29
List the prime factors of (-24972)/(-3)*(-12)/(-24).
2, 2081
Let h(a) = 448*a**2 - 16*a - 37. Let d(z) = 672*z**2 - 24*z - 56. Let f(b) = 5*d(b) - 7*h(b). What are the prime factors of f(-2)?
3, 11
Suppose -49*i + 417 = -52*i. Let f = 574 + i. List the prime factors of f.
3, 5, 29
Suppose 4*y + 3*i - 25221 = 0, 4 = 93*i - 97*i. What are the prime factors of y?
2, 3, 1051
Let c = -4085 + 7549. What are the prime factors of c?
2, 433
Suppose 2*l = 4*n + 76, -11*n + 16*n - 235 = -5*l. Let i(o) = -o**2 + 54*o - 13. What are the prime factors of i(l)?
7, 61
Suppose 5*m = 6*m. Let r be 100 - (5 + m + -1). Let q = r + -39. List the prime factors of q.
3, 19
Let n be 3*((-14)/(-98) - (-11)/21). Let w be n/11 - 4760/44. Let v = 248 + w. What are the prime factors of v?
2, 5, 7
Suppose 5*d - 1385 = -5*j, -j = 3*j - 8. Let i = d + -256. List the prime factors of i.
19
Let b(s) = s**2 + 4*s - 3. Let z be b(-4). Let o(t) = 21*t**2 + 8. What are the prime factors of o(z)?
197
Let i(k) = 13*k**3 + 4*k**2 - 32*k + 271. What are the prime factors of i(9)?
2, 1223
Let u(d) = d**3 + 22*d**2 - 2*d + 389. What are the prime factors of u(18)?
13313
Let t(x) be the second derivative of -x**5/20 - 5*x**4/2 + 41*x**3/6 + 2*x**2 + 144*x. What are the prime factors of t(-32)?
2, 5, 37
Let w(t) = -t**2 - 4*t - 2. Let y be w(-2). Suppose -l - 17 = -3*v, -2*l - l + 4 = y*v. Let m(b) = -17*b**3 + 2*b**2 - 2*b - 1. List the prime factors of m(l).
3, 7
Suppose 4*u - 6470 = 2*w, 0 = 380*u - 384*u + 5*w + 6467. List the prime factors of u.
2, 809
List the prime factors of ((-50)/(-20))/((-30)/(-221268)).
18439
Let p be -4*(-8)/((-32)/(-5)). Suppose 0 = -p*x - 5*z + 1655, 3*z - 323 = -x - 0*z. What are the prime factors of x?
5, 67
Suppose 0 = -4*d - i + 509 + 1759, d - 4*i = 567. List the prime fact